{"id":114,"date":"2024-02-25T19:51:59","date_gmt":"2024-02-25T19:51:59","guid":{"rendered":"https:\/\/smart-pi.dz\/?page_id=114"},"modified":"2024-02-25T21:46:29","modified_gmt":"2024-02-25T21:46:29","slug":"nos-services","status":"publish","type":"page","link":"https:\/\/smart-pi.dz\/index.php\/nos-services\/","title":{"rendered":"NOS SERVICES"},"content":{"rendered":"\n<div class=\"wp-block-columns alignwide is-layout-flex wp-container-core-columns-is-layout-829b1d53 wp-block-columns-is-layout-flex\" style=\"margin-bottom:0\">\n<div class=\"wp-block-column has-text-color has-background has-link-color wp-elements-bf057de46b3940d057bd2e10460240a8 is-layout-flow wp-block-column-is-layout-flow\" style=\"color:#000000;background-color:#ffe97d;padding-top:2em;padding-right:2em;padding-bottom:2em;padding-left:2em\">\n<h2 class=\"wp-block-heading\" id=\"single\" style=\"font-size:40px\"><strong>Formation<\/strong><\/h2>\n\n\n\n<hr class=\"wp-block-separator has-text-color has-css-opacity has-background is-style-wide\" style=\"background-color:#000000;color:#000000\"\/>\n\n\n\n<p>* <strong>R\u00e8glementation HSE applicables en Alg\u00e9rie.<br>* Risques professionnels<br>* Coaching des nouveaux embauch\u00e9s<br>* Identification de besoins en formation<br>* Formation ISO 9001 \/2015, ISO 14 001\/2015,<br>* ISO 45001\/2018, ISO 13485\/2016, HACCP, ISO 22000<br>* ISO 19011\/2018, ISO 17025\/2017 et ISO 17020 \/2012<\/strong><\/p>\n\n\n\n<div class=\"wp-block-buttons alignfull is-horizontal is-content-justification-center is-layout-flex wp-container-core-buttons-is-layout-499968f5 wp-block-buttons-is-layout-flex\">\n<div class=\"wp-block-button has-custom-width wp-block-button__width-100\"><a class=\"wp-block-button__link has-white-color has-text-color has-background no-border-radius wp-element-button\" href=\"https:\/\/smart-pi.dz\/index.php\/contact\/\" style=\"background-color:#000000\">CONTACT<\/a><\/div>\n<\/div>\n<\/div>\n\n\n\n<div class=\"wp-block-column has-text-color has-background has-link-color wp-elements-b0b92a8f39ba528db9a0af04ffb2fa88 is-layout-flow wp-block-column-is-layout-flow\" style=\"color:#000000;background-color:#d1d1e1;padding-top:2em;padding-right:2em;padding-bottom:2em;padding-left:2em\">\n<h5 class=\"wp-block-heading alignfull has-text-align-center\" id=\"family\" style=\"font-size:40px\"><strong>Accompagnement pour la mise en place de syst\u00e8mes ISO<\/strong><\/h5>\n\n\n\n<hr class=\"wp-block-separator has-css-opacity is-style-wide\"\/>\n\n\n\n<ul class=\"has-normal-font-size wp-block-list\">\n<li>Diagnostic, Formation, Assistance \u00e0 l\u2019\u00e9laboration<br>des syst\u00e8mes documentaire,<\/li>\n\n\n\n<li>Coaching des pilotes Processus.<\/li>\n\n\n\n<li>Assistance au maintien de certification<\/li>\n\n\n\n<li>Accompagnement \u00e0 la mise en place des<br>syst\u00e8mes de management ISO 9001\/2015<br>ISO 45001\/2018 SST &#8211; ISO 14001\/2015 &#8211;<br>ISO 17025\/2017 et ISO 17020\/2012<\/li>\n<\/ul>\n\n\n\n<div class=\"wp-block-buttons alignfull is-horizontal is-content-justification-center is-layout-flex wp-container-core-buttons-is-layout-499968f5 wp-block-buttons-is-layout-flex\">\n<div class=\"wp-block-button has-custom-width wp-block-button__width-100 is-style-fill\"><a class=\"wp-block-button__link has-white-color has-text-color has-background no-border-radius wp-element-button\" href=\"https:\/\/smart-pi.dz\/index.php\/contact\/\" style=\"background-color:#000000\">CONTACT<\/a><\/div>\n<\/div>\n<\/div>\n\n\n\n<div class=\"wp-block-column has-text-color has-background has-link-color wp-elements-3436d9c8a093d5f8930da86ed7d3651e is-layout-flow wp-block-column-is-layout-flow\" style=\"color:#000000;background-color:#c0ebf1;padding-top:2em;padding-right:2em;padding-bottom:2em;padding-left:2em\">\n<h2 class=\"wp-block-heading\" id=\"patron\" style=\"font-size:40px\"><strong>Audits<\/strong><\/h2>\n\n\n\n<hr class=\"wp-block-separator has-css-opacity is-style-wide\"\/>\n\n\n\n<ul class=\"has-normal-font-size wp-block-list\">\n<li>I<strong>SO 9001 \/2015, ISO 14001\/2015, ISO 45001\/2018,<br>ISO 13485\/2016, HACCP.<\/strong><\/li>\n\n\n\n<li><strong>Formation des auditeurs internes<\/strong><\/li>\n\n\n\n<li><strong>Formation de pr\u00e9paration \u00e0 l&rsquo;examen de IRCA Lead AUDITOR ISO 9001\/2015<\/strong><\/li>\n\n\n\n<li><strong>Prestations d\u2019audits internes<\/strong><\/li>\n<\/ul>\n\n\n\n<div class=\"wp-block-buttons alignfull is-horizontal is-content-justification-center is-layout-flex wp-container-core-buttons-is-layout-499968f5 wp-block-buttons-is-layout-flex\">\n<div class=\"wp-block-button has-custom-width wp-block-button__width-100\"><a class=\"wp-block-button__link has-white-color has-text-color has-background no-border-radius wp-element-button\" href=\"https:\/\/smart-pi.dz\/index.php\/contact\/\" style=\"background-color:#000000\">CONTACT<\/a><\/div>\n<\/div>\n<\/div>\n<\/div>\n","protected":false},"excerpt":{"rendered":"<p>Formation * R\u00e8glementation HSE applicables en Alg\u00e9rie.* Risques professionnels* Coaching des nouveaux embauch\u00e9s* Identification de besoins en formation* Formation ISO 9001 \/2015, ISO 14 001\/2015,* ISO 45001\/2018, ISO 13485\/2016, HACCP, ISO 22000* ISO 19011\/2018, ISO 17025\/2017 et ISO 17020 \/2012 Accompagnement pour la mise en place de syst\u00e8mes ISO Audits<\/p>\n","protected":false},"author":1,"featured_media":0,"parent":0,"menu_order":0,"comment_status":"closed","ping_status":"closed","template":"","meta":{"_acf_changed":false,"footnotes":""},"class_list":["post-114","page","type-page","status-publish","hentry"],"acf":[],"_links":{"self":[{"href":"https:\/\/smart-pi.dz\/index.php\/wp-json\/wp\/v2\/pages\/114","targetHints":{"allow":["GET"]}}],"collection":[{"href":"https:\/\/smart-pi.dz\/index.php\/wp-json\/wp\/v2\/pages"}],"about":[{"href":"https:\/\/smart-pi.dz\/index.php\/wp-json\/wp\/v2\/types\/page"}],"author":[{"embeddable":true,"href":"https:\/\/smart-pi.dz\/index.php\/wp-json\/wp\/v2\/users\/1"}],"replies":[{"embeddable":true,"href":"https:\/\/smart-pi.dz\/index.php\/wp-json\/wp\/v2\/comments?post=114"}],"version-history":[{"count":15,"href":"https:\/\/smart-pi.dz\/index.php\/wp-json\/wp\/v2\/pages\/114\/revisions"}],"predecessor-version":[{"id":135,"href":"https:\/\/smart-pi.dz\/index.php\/wp-json\/wp\/v2\/pages\/114\/revisions\/135"}],"wp:attachment":[{"href":"https:\/\/smart-pi.dz\/index.php\/wp-json\/wp\/v2\/media?parent=114"}],"curies":[{"name":"wp","href":"https:\/\/api.w.org\/{rel}","templated":true}]}}